 + 38. Let d = o - 5. Suppose -7 = -p + d. Is 15 a factor of p?
True
Suppose 9*m + 2041 = 7684. Is 15 a factor of m?
False
Suppose 3 = -4*b + 151. Let a(q) = 57*q - b*q - 2 + 30*q. Does 27 divide a(1)?
False
Let x(p) = 50*p**3 - 4*p**2 + 2*p + 2. Let i be x(2). Suppose -z = 5*z + i. Does 9 divide z/(-7) + (-2)/7?
True
Suppose -6*c + 868 = -2*c. Let x = c + -146. Is 25 a factor of x?
False
Suppose -z + 117 = h + 9, 4*h - 2*z = 402. Suppose -h = -2*k + 105. Does 15 divide k?
False
Let x be 2/4 + 30/20. Suppose -5*p + x*p = 0. Is 8 a factor of 1 - p - (-37 + 8)?
False
Let t(m) = 3*m**2 - 11*m + 167. Is t(8) a multiple of 2?
False
Let m(f) = -f**3 + 36*f**2 - 66*f - 3. Is m(34) a multiple of 5?
True
Is ((-70)/21 - -4) + 2077/3 a multiple of 7?
True
Let h = -6 + 9. Let d = h + 1. Suppose 2*u - 78 = -d*v, -2*u + 2 = -4. Does 6 divide v?
True
Let x = -3 + 17. Let m = x - 14. Let b(n) = n + 30. Does 10 divide b(m)?
True
Let b(q) be the third derivative of -29*q**6/8 - q**5/60 + q**4/24 - q**3/6 - q**2. Let w be b(1). Does 18 divide 1/(-3) + w/(-12)?
True
Let f(u) = -u**3 - 11*u**2 - 13*u + 2. Is f(-11) a multiple of 4?
False
Let a = -58 + 94. Suppose -4*b = 16 - a. Is 100/b + (1 - -2) a multiple of 23?
True
Suppose -1928 = -15*d + 11*d. Suppose 0*p + 2*p - 468 = -4*a, -d = -4*a + 5*p. Is 14 a factor of a?
False
Let i = -11 - -11. Suppose -4*j + 24 + 32 = i. Is 4 a factor of j?
False
Let l(h) = h**2 - 3*h - 11. Let f be l(6). Let p(z) = z**2 - 8*z + 10. Let u be p(f). Suppose 35 = u*a - 55. Is 15 a factor of a?
True
Suppose -13*y - 3*y = -19264. Is 14 a factor of y?
True
Suppose 0 = -i + 4*i - 90. Let x = -26 + i. Suppose x*o - 71 = 297. Is 23 a factor of o?
True
Suppose -11 = -2*o - 1. Suppose -2*c - o*u = -12, -u - 4 - 2 = -c. Is 16 a factor of (-2)/c - (-1015)/21?
True
Let q be (12/2)/(6/(-201)). Let m = -101 - q. Is m a multiple of 19?
False
Let m be (-1110)/12*4/(-5). Let k = -13 + 83. Suppose 0 = -4*x - 2*w + 7*w + m, 4*x - k = 3*w. Does 11 divide x?
False
Let p(j) = 3*j**2 + 21*j + 26. Is 10 a factor of p(11)?
True
Is (-3755)/(-9) - (-4 - 494/(-117)) a multiple of 6?
False
Suppose -3*s + 12 = 0, 3*i - s = 2 + 6. Suppose -x + 2*n + 27 = 3*n, 0 = i*x - 2*n - 78. Is x a multiple of 4?
False
Let p(w) = -106 - 17*w - 6*w + 113. Let m be p(5). Let s = 161 + m. Is s a multiple of 33?
False
Let b = 290 + -122. Is b a multiple of 12?
True
Suppose -3*s + 5*x - 710 = -6*s, 5*x + 970 = 4*s. Is 8 a factor of (-2)/(-3)*s/4?
True
Does 2 divide ((-864)/(-80))/((-8)/(-180))?
False
Let t be (-2)/(1/(7/2)). Let q(n) = -17*n + 9. Does 16 divide q(t)?
True
Let u = 4 + -4. Let r(n) = n**3 + 9*n**2 + 9*n + 10. Let g be r(-8). Suppose 4*v - 99 = g*v + 5*c, u = 5*c + 15. Is v a multiple of 17?
False
Suppose -2*b + 3 = -1. Suppose b*z + 1 = -p, 2*p + 2*p + 4 = 0. Suppose z = -2*k - t + 3*t + 2, -t = -1. Does 2 divide k?
True
Let h(d) = -d**2 - 5*d - 6. Let o be h(-2). Suppose -5*f + o*f + 3*c = -51, 4*c = f. Does 4 divide f?
True
Suppose 0 = -12*f + 13*f + x - 1270, -3*f = -x - 3830. Is f a multiple of 15?
True
Let k(z) = z**2 + 8*z + 10. Let u be k(-3). Is 3 a factor of 15*u/((-25)/5)?
True
Suppose -2*s = -3*m - 269 + 1497, m - 398 = -5*s. Is m a multiple of 31?
False
Suppose t - 2*t = 2*d + 8, -3*t = 4*d + 14. Suppose -b - t*b = -423. Suppose 0 = 4*g - 3 - b. Is 18 a factor of g?
True
Suppose 0 = 3*f - 6, f - 2 = -4*b - 4. Let l = 2 - b. Suppose -2*w + 80 = l*w. Is w a multiple of 8?
True
Suppose 0 = -2*a - 10*x + 9*x + 1150, 2*a - 3*x - 1158 = 0. Is a a multiple of 24?
True
Let m be -5*((-4)/10 - 2). Suppose 0 = -4*g + 5*g - m. Let j = -10 + g. Is j a multiple of 2?
True
Let d(n) = 0 - 1 + 5 + n**2 + 0 - n. Let h be d(0). Suppose -h*f + q + 147 = 0, -4*f + 6*q = q - 159. Is f a multiple of 21?
False
Suppose -2*x = -3*x - p + 4, 4*p = 2*x + 4. Suppose 5*f = 4*s + 500, x*f + 212 = 4*f - 4*s. Does 24 divide f?
True
Is 10 a factor of ((-500)/(-75))/(2/171)?
True
Let c(q) = -1311*q + 30. Is 4 a factor of c(-1)?
False
Let r(h) = -h**3 + 5*h**2 - 2*h. Let q be r(4). Let i = 4 - q. Is 19 + i*(-3)/4 a multiple of 18?
False
Suppose 1 = 5*l + 5*f - 9, -5*l + 4*f = -19. Suppose -4*t + 2*t + m + 48 = 0, 5*m + 72 = l*t. Does 3 divide t?
True
Suppose -g = -5*o - 3*g + 158, 0 = 2*o - 5*g - 69. Is 4 a factor of o?
True
Let k(r) = -3*r**2 + 23*r - 88. Let g(m) = 4*m**2 - 35*m + 132. Let w(l) = -5*g(l) - 7*k(l). Is 2 a factor of w(-17)?
False
Let l(g) = g**2 - 3*g + 4. Let n be l(2). Suppose -u = -2*h - 34, n*u - 35 = 3*h + 28. Does 6 divide u?
True
Suppose 5 = -0*t - 2*t - j, 5*j + 13 = -4*t. Is 13 + (t - 12/(-3)) a multiple of 3?
True
Let g(r) = -84*r - 228. Is g(-10) a multiple of 51?
True
Let j be (6/(-4))/(6/(-56)). Let f be (16 - 1)*7/(-21). Let c = j + f. Is c a multiple of 3?
True
Let n(z) = 5 - z + 3 - 6. Let w(p) = 3*p - 8. Let s be w(-3). Is 5 a factor of n(s)?
False
Let o = -1192 + 600. Let s = -390 - o. Does 23 divide s?
False
Suppose -8*t = -1411 - 2501. Is t a multiple of 8?
False
Let m(q) = -3*q**2 - 11*q - 1. Let u be m(-14). Let g = u + 729. Is g a multiple of 49?
True
Let y be (4326 - (-2 - 0)) + 0. Let b be y/(-32) - (-2)/8. Does 9 divide b/6*24/(-30)?
True
Suppose 57*n - 59*n = -370. Is 11 a factor of n?
False
Let y be -2 - ((-19)/1 + 0/(-1)). Suppose -2*p + 59 = -y. Does 3 divide p?
False
Let x = 706 - 637. Is x even?
False
Let f = 98 - 96. Suppose 4 = 4*n + 4*b, 0 = 2*b - 1 + 5. Suppose -f*v + 5*s = -52, s + 4*s = -n*v + 53. Is 18 a factor of v?
False
Let i be (-4)/10 + 17/5. Let u(q) = 7*q**3 + 3*q**2 - 6*q**3 - 4*q**2. Is u(i) a multiple of 11?
False
Suppose -4*b + 112 = 2*i, 84 = -2*b + 5*b + 5*i. Is 276/14 - (-2)/b*4 a multiple of 4?
True
Let p = 35 + 2. Suppose 0 = 4*r + 4*f - 248, -5*f + 248 = 9*r - 5*r. Let d = r - p. Is 15 a factor of d?
False
Let j(f) = 669*f - 18. Does 24 divide j(2)?
True
Let m(x) be the first derivative of -x**2 - 13*x - 12. Is m(-9) a multiple of 2?
False
Let i(j) be the third derivative of 0*j**5 + 0 + 1/3*j**3 - 1/8*j**4 + 1/40*j**6 + 0*j + 2*j**2. Is 20 a factor of i(2)?
True
Let l(d) be the second derivative of 1/2*d**3 + 11*d + 1/20*d**5 - 3/4*d**4 + 9/2*d**2 + 0. Is 9 a factor of l(9)?
True
Let d(c) = 6*c + 86. Is d(-11) a multiple of 5?
True
Let a be (6/(-2))/((-9)/24). Let o be (-42)/112 - (-19)/a. Suppose 3*i - 3 = 0, -6*n + 41 = -o*n + 5*i. Is 3 a factor of n?
True
Let o = 98 + -94. Suppose -5*r + 176 + 152 = 3*v, 256 = o*r - 4*v. Is r a multiple of 13?
True
Is 50 a factor of 108/(-1620) + (-27001)/(-15)?
True
Suppose 22*y - 3920 = 14*y. Is y a multiple of 11?
False
Let q be 13*-2*1065/(-30). Suppose -11*u = 43 - q. Does 20 divide u?
True
Suppose 2*k = -0*r + r + 1415, 1405 = 2*k + r. Does 12 divide k?
False
Suppose -30*k = -27*k - 201. Is k a multiple of 11?
False
Suppose -6256 = -8*d + 352. Does 27 divide d?
False
Does 18 divide 21*(312/14 + -6)?
True
Let t(c) = 0 - 4*c - 1 + 13*c. Let u be t(1). Does 11 divide (-2685)/(-35) + u/28?
True
Suppose -4*h + 3*g = -2, 0 = 2*h - h + 4*g - 10. Suppose y - 20 + 62 = 4*v, 3*v = -4*y + 22. Is 5 a factor of v/7*(5 + h)?
True
Let m(n) be the third derivative of n**5/15 - n**4/8 - 3*n**3/2 + 3*n**2. Is 12 a factor of m(-4)?
False
Suppose 4*m + 2*w = 20, -3 - 9 = -m - 4*w. Suppose m*i = 20, 4*a - 5*i - 190 = 133. Is a a multiple of 29?
True
Suppose 4*j + 105 = -c + 1067, 0 = 2*j - 4. Is 53 a factor of c?
True
Let y be (-17 - -18)/((-1 + -1)/16). Let g(d) be the first derivative of -3*d**2/2 + 18*d + 2. Is 14 a factor of g(y)?
True
Let s = 1362 - 597. Is s a multiple of 85?
True
Suppose 5*z = 2*z - 9. Let h(k) = -7*k**3 + 19*k**2 - 17*k - 11. Let r(b) = 4*b**3 - 10*b**2 + 9*b + 5. Let g(u) = z*h(u) - 5*r(u). Is 8 a factor of g(6)?
True
Let o = -95 - -177. Suppose -3*x + 4*x - 87 = v, x - o = -4*v. Is x a multiple of 28?
False
Let g(d) = -d**3 + 5*d**2 + 13*d + 29. Does 3 divide g(7)?
False
Suppose 6*f = f. Let a be (10/(-5) + 3)*138. Suppose 3*m + 3*m - a = f. Is m a multiple of 6?
False
Suppose 2*p - 7*p + 15 = 0. Suppose 0 = -3*b + 3*f - p, 0*b - 3*f + 21 = 3*b. Suppose b*y + 33 = 2*d - 6, 5*d + 3*y = 108. Is d a multiple of 16?
False
Suppose 0 = -d - 2*k + 6, 0 = 5*k + 36 - 11. Does 4 divide d?
True
Let s = 23 + 1706. Does 34 divide s?
False
Let b = 2565 + -601. Is b a multiple of